{"id":1361,"date":"2023-11-20T15:29:47","date_gmt":"2023-11-20T14:29:47","guid":{"rendered":"https:\/\/joiedevivre.re\/?page_id=1361"},"modified":"2026-01-20T20:30:32","modified_gmt":"2026-01-20T19:30:32","slug":"ressources","status":"publish","type":"page","link":"https:\/\/joiedevivre.re\/?page_id=1361","title":{"rendered":"Ressources"},"content":{"rendered":"\n<div class=\"row\"  id=\"row-931997914\">\n\n\n\t<div id=\"col-1283789257\" class=\"col small-12 large-12\"  >\n\t\t\t\t<div class=\"col-inner\"  >\n\t\t\t\n\t\t\t\n\n<div class=\"container section-title-container\" ><h3 class=\"section-title section-title-normal\"><b><\/b><span class=\"section-title-main\" >Nos Activit\u00e9s du moment<\/span><b><\/b><\/h3><\/div>\n\n<h4><span style=\"font-size: 150%;\">D\u00e9couvrez nos activit\u00e9s actuelles: <span style=\"color: #f99b1c;\"><a style=\"color: #f99b1c;\" href=\"https:\/\/www.helloasso.com\/associations\/la-kaz-joie-de-vivre\">sur HelloAsso.<\/a><\/span><\/span><\/h4>\n<div>\ud83c\udf08D\u00e9couvrez notre programme pour le mois de janvier 2026<\/div>\n<div>\u2b50Pour les enfants\u00a0 et les adultes<\/div>\n<div class=\"is-divider divider clearfix\" ><\/div>\n\n\t<div class=\"img has-hover x md-x lg-x y md-y lg-y\" id=\"image_1840324753\">\n\t\t\t\t\t\t\t\t<div class=\"img-inner dark\" >\n\t\t\t<img loading=\"lazy\" decoding=\"async\" width=\"940\" height=\"788\" src=\"https:\/\/joiedevivre.re\/wp-content\/uploads\/2026\/01\/Programme-9.png\" class=\"attachment-large size-large\" alt=\"\" srcset=\"https:\/\/joiedevivre.re\/wp-content\/uploads\/2026\/01\/Programme-9.png 940w, https:\/\/joiedevivre.re\/wp-content\/uploads\/2026\/01\/Programme-9-300x251.png 300w, https:\/\/joiedevivre.re\/wp-content\/uploads\/2026\/01\/Programme-9-768x644.png 768w\" sizes=\"auto, (max-width: 940px) 100vw, 940px\" \/>\t\t\t\t\t\t\n\t\t\t\t\t<\/div>\n\t\t\t\t\t\t\t\t\n<style>\n#image_1840324753 {\n  width: 100%;\n}\n<\/style>\n\t<\/div>\n\t\n\n\t<div id=\"gap-1088586085\" class=\"gap-element clearfix\" style=\"display:block; height:auto;\">\n\t\t\n<style>\n#gap-1088586085 {\n  padding-top: 48px;\n}\n<\/style>\n\t<\/div>\n\t\n\n<div>\n<h3><span class=\"fancy-underline\"><b><span style=\"font-weight: 400;\">\ud83d\udccdMaison de quartier de Camp Magloire (Rue Valentin Abral 97419 Possession)<\/span><span style=\"font-weight: 400;\"><br \/><\/span><\/b><\/span><\/h3>\n<p><span style=\"font-weight: 400;\">\ud83d\udcb0C\u00f4t\u00e9 tarifs :<\/span><\/p>\n<p>Pendant les vacances scolaires et lors des ateliers se d\u00e9roulant en fin de journ\u00e9e apr\u00e8s l&rsquo;\u00e9cole, pas de tarifs adh\u00e9rent et non- adh\u00e9rent : un tarif unique pour tous, afin de rendre nos ateliers encore plus accessibles. \ud83c\udf08<br \/><span style=\"font-weight: 400;\">Cela est possible gr\u00e2ce au soutien financier de la <\/span><b>DRAJES<\/b><span style=\"font-weight: 400;\"> (D\u00e9l\u00e9gation R\u00e9gionale Acad\u00e9mique \u00e0 la Jeunesse, \u00e0 l\u2019Engagement et aux Sports de La R\u00e9union) qui s&rsquo;ajoute \u00e0 celui de la Commune de la Possession.<\/span><\/p>\n<\/div>\n<p>\u00a0<\/p>\n<div>\n<p><span style=\"font-weight: 400;\">\ud83c\udf74 <\/span><b>Pause d\u00e9jeuner conviviale :<\/b><span style=\"font-weight: 400;\"> vous \u00eates les bienvenu.e.s si vous souhaitez rester sur place pour d\u00e9jeuner en apportant votre repas lorsque les ateliers se d\u00e9roulent sur la journ\u00e9e. <\/span><span style=\"font-weight: 400;\"><br \/><\/span><span style=\"font-weight: 400;\">Les enfants pourront profiter de ce moment pour jouer ensemble, pendant que les parents \u00e9changent et se d\u00e9tendent.<br \/><\/span><span style=\"font-weight: 400;\">Veuillez noter que les enfants restent sous la responsabilit\u00e9 de leurs parents entre les ateliers.<\/span><\/p>\n<p><span style=\"font-weight: 400;\">\ud83c\udf1f Lors des ateliers d\u00e9di\u00e9s aux enfants, les parents peuvent choisir de rester sur place. Une table pourra \u00eatre install\u00e9e pour que vous puissiez lire, travailler, ou simplement discuter.<\/span><\/p>\n<p><span style=\"font-weight: 400;\">\u2705 <\/span><b>Confirmation d&rsquo;inscription :<\/b><span style=\"font-weight: 400;\"> Merci de v\u00e9rifier la validation de votre inscription en vous assurant que vous avez bien re\u00e7u le mail de confirmation d\u2019HelloAsso.<\/span><\/p>\n<p><span style=\"font-weight: 400;\">\ud83d\udd17 <\/span><span style=\"font-weight: 400;\">Vous n&rsquo;\u00eates pas encore membre de notre association ? Pour seulement 6 \u20ac par an, profitez des tarifs adh\u00e9rents en rejoignant l&rsquo;association La Kaz Joie de Vivre ici :<\/span><a href=\"https:\/\/www.helloasso.com\/associations\/la-kaz-joie-de-vivre\/adhesions\/adhesion-pour-la-kaz-joie-de-vivre\"> <span style=\"font-weight: 400;\">https:\/\/www.helloasso.com\/associations\/la-kaz-joie-de-vivre\/adhesions\/adhesion-pour-la-kaz-joie-de-vivre<\/span><\/a><\/p>\n<\/div>\n<div>\u00a0<\/div>\n<div>\n<h3><span class=\"fancy-underline\"><b>MARDI 13 janvier 2026<\/b><\/span><\/h3>\n<\/div>\n<p>Billetterie : https:\/\/www.helloasso.com\/associations\/la-kaz-joie-de-vivre\/evenements\/ateliers-vacances-13-janvier-2026<\/p>\n<p>\u2728 <b>Atelier cr\u00e9atif &#8211; technique du serviettage<\/b> <b>| 9h30- 11h<br \/><\/b>Un atelier avec Domy de Ti Marmay et Compagnie, sous le signe de la d\u00e9couverte et du plaisir de cr\u00e9er, avec la technique du serviettage. De quoi repartir avec une cr\u00e9ation unique et pleine de fiert\u00e9 !<\/p>\n<div>\n<p><span style=\"font-weight: 400;\">\ud83c\udf89 Un beau moment de cr\u00e9ation pour d\u00e9buter l\u2019ann\u00e9e en douceur et en couleurs !<br \/><\/span><span style=\"font-weight: 400;\">\ud83d\udc68\u200d\ud83d\udc69\u200d\ud83d\udc67 Public : Enfants \u00e0 partir de 6 ans &amp; adultes<br \/><\/span><span style=\"font-weight: 400;\">Tarif : 2 \u20ac\u00a0<\/span><\/p>\n<p>\u00a0<\/p>\n<p><b>\ud83e\udd1f Initiation \u00e0 la Langue des Signes Fran\u00e7aise (LSF) | 11h15- 12h<br \/><\/b><span style=\"font-weight: 400;\">Vous l\u2019aviez demand\u00e9\u2026 le voil\u00e0 !<\/span><span style=\"font-weight: 400;\"><br \/><\/span><span style=\"font-weight: 400;\">Apr\u00e8s une ann\u00e9e d\u2019ateliers de LSF gratuits en 2025, rendus possibles gr\u00e2ce au financement du Budget d\u2019Initiatives Citoyennes (BIC), nous vous proposons un atelier ponctuel pour ceux qui n\u2019ont pas eu l\u2019occasion de nous rejoindre l\u2019ann\u00e9e derni\u00e8re, pour ceux qui veulent r\u00e9activer leurs connaissances, ceux qui veulent simplement s\u2019initier \u00e0 la LSF. <\/span><span style=\"font-weight: 400;\"><br \/><\/span><span style=\"font-weight: 400;\">Un moment convivial pour exp\u00e9rimenter, jouer et (re)d\u00e9couvrir la Langue des Signes Fran\u00e7aise de fa\u00e7on ludique, avec Sabine de <\/span><i><span style=\"font-weight: 400;\">Il \u00e9tait un signe<\/span><\/i><span style=\"font-weight: 400;\">.<\/span><span style=\"font-weight: 400;\"><br \/><\/span><span style=\"font-weight: 400;\">\ud83d\udc68\u200d\ud83d\udc69\u200d\ud83d\udc67 Public : Enfants &amp; Adultes <\/span><span style=\"font-weight: 400;\"><br \/><\/span><i><span style=\"font-weight: 400;\">Les enfants jusqu&rsquo;\u00e0 5 ans devront \u00eatre accompagn\u00e9s d&rsquo;un adulte <\/span><\/i><span style=\"font-weight: 400;\"><br \/><\/span><span style=\"font-weight: 400;\">Tarif : 1\u20ac<\/span><\/p>\n<p>\u00a0<\/p>\n<\/div>\n<h3><span class=\"fancy-underline\"><b>MARDI 20 janvier 2026<\/b><\/span><span style=\"color: #555555; font-size: 14.4px;\"><br \/><\/span><\/h3>\n<p><span style=\"font-weight: 400;\">Billetterie : <\/span><a href=\"https:\/\/www.helloasso.com\/associations\/la-kaz-joie-de-vivre\/evenements\/ateliers-vacances-20-janvier-2026\"><span style=\"font-weight: 400;\">https:\/\/www.helloasso.com\/associations\/la-kaz-joie-de-vivre\/evenements\/ateliers-vacances-20-janvier-2026<\/span><\/a><\/p>\n<p><span style=\"font-weight: 400;\">\ud83c\udfad <\/span><b>Atelier Th\u00e9\u00e2tre d\u2019Improvisation <\/b><span style=\"font-weight: 400;\">|\u00a0 13h30- 15h30<\/span><span style=\"font-weight: 400;\"><br \/><\/span><span style=\"font-weight: 400;\">Retrouvons S\u00e9verine Epois, pour cet atelier de th\u00e9\u00e2tre d\u2019improvisation. Educatrice sp\u00e9cialis\u00e9e de formation, elle a travaill\u00e9 en Belgique, en M\u00e9tropole, au Canada et \u00e0 La R\u00e9union et elle est membre de la Ligue d\u2019Improvisation R\u00e9unionnaise depuis plus de 13 ans. Elle propose des ateliers ludiques, \u00e9ducatifs et adapt\u00e9s \u00e0 diff\u00e9rents publics.<\/span><span style=\"font-weight: 400;\"><br \/><\/span><span style=\"font-weight: 400;\"> \ud83d\udc68\u200d\ud83d\udc69\u200d\ud83d\udc67 Public : enfants 8- 15 ans <\/span><span style=\"font-weight: 400;\"><br \/><\/span><span style=\"font-weight: 400;\">\ud83e\ude99Tarif : 2.5 \u20ac<\/span><span style=\"font-weight: 400;\"><br \/><\/span><span style=\"font-weight: 400;\"><br \/><\/span><span style=\"font-weight: 400;\"><br \/><\/span><span style=\"font-weight: 400;\">\ud83c\udf3f <\/span><b>Atelier d\u2019exploration cr\u00e9ative- D\u00e9cor floral \u00e0 l\u2019aquarelle | 15h45- 17h15<\/b><span style=\"font-weight: 400;\"><br \/><\/span><span style=\"font-weight: 400;\">Retrouvons Sandra, alias LILO BLEU, artiste et art-th\u00e9rapeute pour un moment cr\u00e9atif m\u00ealant exploration des sens, dessin et technique d\u2019aquarelle.\u00a0<\/span><\/p>\n<p><span style=\"font-weight: 400;\">\ud83d\udc68\u200d\ud83d\udc69\u200d\ud83d\udc67 Public :<\/span><span style=\"font-weight: 400;\"><br \/><\/span><span style=\"font-weight: 400;\">&#8211; Enfants \u00e0 partir de 6 ans<\/span><span style=\"font-weight: 400;\"><br \/><\/span><span style=\"font-weight: 400;\">&#8211; Adultes<\/span><span style=\"font-weight: 400;\"><br \/><\/span><span style=\"font-weight: 400;\">\ud83e\ude99Tarif unique : 2 \u20ac<\/span><\/p>\n<p>\u00a0<\/p>\n<h3><span class=\"fancy-underline\"><b>MARDI 27 janvier 2026<br \/><\/b><\/span><\/h3>\n<p><span style=\"font-weight: 400;\">\ud83c\udfa8 <\/span><b>Atelier \u00ab\u00a0A la mani\u00e8re de Hokusai\u201d\u00a0 | 13h30- 15h <\/b><span style=\"font-weight: 400;\">\ud83d\udd8c<br \/><\/span><span style=\"font-weight: 400;\">Cet atelier est une occasion parfaite pour les enfants de d\u00e9velopper leur cr\u00e9ativit\u00e9 tout en s&rsquo;amusant avec Domy de Ti Marmay et Compagnie.<\/span><\/p>\n<p><span style=\"font-weight: 400;\">\ud83d\udc68\u200d\ud83d\udc69\u200d\ud83d\udc67 Public : Enfants \u00e0 partir de 4 ans &amp; Adultes<br \/><\/span><span style=\"font-weight: 400;\">Les enfants de 4 ans devront \u00eatre accompagn\u00e9s d&rsquo;un adulte (seule la place enfant sera payante).<\/span><\/p>\n<p><span style=\"font-weight: 400;\">Cette atelier sera suivi d\u2019un temps de jeu avec le parachute, avec Susanne, b\u00e9n\u00e9vole de l\u2019association. Pour les participants souhaitant rester jusqu\u2019\u00e0 15h45, il y aura une option \u00e0 s\u00e9lectionner dans la billetterie qui appara\u00eetra sur la page o\u00f9 vous entrerez les coordonn\u00e9es du participant.<\/span><\/p>\n<p><span style=\"font-weight: 400;\">Tarifs : 5 \u20ac adh\u00e9rents \/\u00a0 8 \u20ac non- adh\u00e9rents<\/span><\/p>\n<p><span style=\"font-weight: 400;\">Inscription ici \ud83d\udc49 <\/span><a href=\"https:\/\/www.helloasso.com\/associations\/la-kaz-joie-de-vivre\/evenements\/atelier-a-la-maniere-janvier-2026\"><span style=\"font-weight: 400;\">https:\/\/www.helloasso.com\/associations\/la-kaz-joie-de-vivre\/evenements\/atelier-a-la-maniere-janvier-2026<\/span><\/a><\/p>\n<p><span style=\"font-weight: 400;\"><br \/><\/span><b>Temps Jeu Parachute<\/b><span style=\"font-weight: 400;\"> jusqu\u2019\u00e0 15h45<\/span><span style=\"font-weight: 400;\"><br \/><\/span><span style=\"font-weight: 400;\">Un moment pour s\u2019amuser tout en d\u00e9veloppant l&rsquo;esprit d&rsquo;\u00e9quipe !\u00a0<\/span><\/p>\n<p><span style=\"font-weight: 400;\">Qu\u2019est-ce qu\u2019un parachute ?<\/span><span style=\"font-weight: 400;\"><br \/><\/span><span style=\"font-weight: 400;\">C&rsquo;est une large toile en tissu color\u00e9, \u00e9quip\u00e9e de poign\u00e9es tout autour. Les jeux r\u00e9alis\u00e9s avec le parachute favorisent : <\/span><span style=\"color: #333333;\">le d\u00e9veloppement de comp\u00e9tences motrices, <\/span><span style=\"color: #333333;\">les relations sociales en int\u00e9grant un groupe : coop\u00e9ration, solidarit\u00e9, \u00e9coute, <\/span><span style=\"font-weight: 400;\">le d\u00e9veloppement personnel au sein du groupe, &#8230;<\/span><\/p>\n<p><span style=\"font-weight: 400;\">Pour les personnes int\u00e9ress\u00e9es uniquement pour ce temps de jeu, merci de nous contacter par mail \u00e0 <\/span><a href=\"mailto:contact@joiedevivre.re\"><span style=\"font-weight: 400;\">contact@joiedevivre.re<\/span><\/a><\/p>\n<h3><span class=\"fancy-underline\"><b><br \/><br \/><\/b><\/span><\/h3>\n\n\t\t<\/div>\n\t\t\t\t\t<\/div>\n\n\t\n\n\t<div id=\"col-1978986905\" class=\"col small-12 large-12\"  >\n\t\t\t\t<div class=\"col-inner\"  >\n\t\t\t\n\t\t\t\n\n<div class=\"is-divider divider clearfix\" style=\"max-width:100%;height:1px;\"><\/div>\n\n\n\t\t<\/div>\n\t\t\t\t\t<\/div>\n\n\t\n\n<\/div>\n<div class=\"row\"  id=\"row-682879750\">\n\n\n\t<div id=\"col-38524873\" class=\"col small-12 large-12\"  >\n\t\t\t\t<div class=\"col-inner\"  >\n\t\t\t\n\t\t\t\n\n<div id=\"portfolio-1354242820\" class=\"portfolio-element-wrapper has-filtering\">  <div class=\"container mb-half\">\n  <ul class=\"nav nav-true nav-center nav-line-grow nav-uppercase filter-nav\">\n    <li class=\"active\"><a href=\"#\" data-filter=\"*\">Tout<\/a><\/li>\n    <li><a href=\"#\" data-filter=\"[data-terms*='&quot;Art Du Spectacle&quot;']\">Art Du Spectacle<\/a><\/li><li><a href=\"#\" data-filter=\"[data-terms*='&quot;Arts Plastiques&quot;']\">Arts Plastiques<\/a><\/li><li><a href=\"#\" data-filter=\"[data-terms*='&quot;Connaissance De Soi, Vivre-ensemble, Citoyennet\u00e9&quot;']\">Connaissance De Soi, Vivre-ensemble, Citoyennet\u00e9<\/a><\/li><li><a href=\"#\" data-filter=\"[data-terms*='&quot;\u00c9veil Aux Langues Etrang\u00e8res&quot;']\">\u00c9veil Aux Langues Etrang\u00e8res<\/a><\/li><li><a href=\"#\" data-filter=\"[data-terms*='&quot;\u00c9veil Musical&quot;']\">\u00c9veil Musical<\/a><\/li><li><a href=\"#\" data-filter=\"[data-terms*='&quot;Le Patrimoine Culturel De La Reunion&quot;']\">Le Patrimoine Culturel De La Reunion<\/a><\/li><li><a href=\"#\" data-filter=\"[data-terms*='&quot;Loisirs Cr\u00e9atifs&quot;']\">Loisirs Cr\u00e9atifs<\/a><\/li><li><a href=\"#\" data-filter=\"[data-terms*='&quot;Num\u00e9rique&quot;']\">Num\u00e9rique<\/a><\/li><li><a href=\"#\" data-filter=\"[data-terms*='&quot;Sciences&quot;']\">Sciences<\/a><\/li>  <\/ul>\n  <\/div>\n  \n  \n    <div id=\"portfolio-1354242820\" class=\"row row-isotope large-columns-5 medium-columns-3 small-columns-2 row-xsmall row-masonry\" data-packery-options='{\"itemSelector\": \".col\", \"gutter\": 0, \"presentageWidth\" : true}'>\n\n    <div class=\"col\" data-terms=\"[&quot;Art Du Spectacle&quot;,&quot;Connaissance De Soi, Vivre-ensemble, Citoyennet\u00e9&quot;]\" >\n          <div class=\"col-inner\" >\n          <a href=\"https:\/\/joiedevivre.re\/?featured_item=article-1\" class=\"plain \">\n          <div class=\"portfolio-box box has-hover box-none\">\n            <div class=\"box-image\" >\n                <div class=\"image-cover\" style=\"padding-top:100%;\">\n                <img loading=\"lazy\" decoding=\"async\" width=\"300\" height=\"199\" src=\"https:\/\/joiedevivre.re\/wp-content\/uploads\/2020\/10\/cooking-4283413_960_720-300x199.jpg\" class=\"attachment-medium size-medium\" alt=\"\" srcset=\"https:\/\/joiedevivre.re\/wp-content\/uploads\/2020\/10\/cooking-4283413_960_720-300x199.jpg 300w, https:\/\/joiedevivre.re\/wp-content\/uploads\/2020\/10\/cooking-4283413_960_720-768x510.jpg 768w, https:\/\/joiedevivre.re\/wp-content\/uploads\/2020\/10\/cooking-4283413_960_720.jpg 960w\" sizes=\"auto, (max-width: 300px) 100vw, 300px\" \/>                                                <\/div>\n            <\/div>\n            <div class=\"box-text text-center\" >\n                  <div class=\"box-text-inner\">\n                      <h6 class=\"uppercase portfolio-box-title\">Article 1<\/h6>\n                      <p class=\"uppercase portfolio-box-category is-xsmall op-6\">\n                        <span class=\"show-on-hover\">\n                         Art Du Spectacle, Connaissance De Soi, Vivre-ensemble, Citoyennet\u00e9                        <\/span>\n                      <\/p>\n                  <\/div>\n            <\/div>\n           <\/div>\n           <\/a>\n           <\/div>\n           <\/div><div class=\"col\" data-terms=\"[&quot;\u00c9veil Aux Langues Etrang\u00e8res&quot;,&quot;\u00c9veil Musical&quot;]\" >\n          <div class=\"col-inner\" >\n          <a href=\"https:\/\/joiedevivre.re\/?featured_item=article-2\" class=\"plain \">\n          <div class=\"portfolio-box box has-hover box-none\">\n            <div class=\"box-image\" >\n                <div class=\"image-cover\" style=\"padding-top:100%;\">\n                <img loading=\"lazy\" decoding=\"async\" width=\"300\" height=\"200\" src=\"https:\/\/joiedevivre.re\/wp-content\/uploads\/2020\/10\/people-2557396_960_720-300x200.jpg\" class=\"attachment-medium size-medium\" alt=\"\" srcset=\"https:\/\/joiedevivre.re\/wp-content\/uploads\/2020\/10\/people-2557396_960_720-300x200.jpg 300w, https:\/\/joiedevivre.re\/wp-content\/uploads\/2020\/10\/people-2557396_960_720-768x512.jpg 768w, https:\/\/joiedevivre.re\/wp-content\/uploads\/2020\/10\/people-2557396_960_720.jpg 960w\" sizes=\"auto, (max-width: 300px) 100vw, 300px\" \/>                                                <\/div>\n            <\/div>\n            <div class=\"box-text text-center\" >\n                  <div class=\"box-text-inner\">\n                      <h6 class=\"uppercase portfolio-box-title\">Article 2<\/h6>\n                      <p class=\"uppercase portfolio-box-category is-xsmall op-6\">\n                        <span class=\"show-on-hover\">\n                         \u00c9veil Aux Langues Etrang\u00e8res, \u00c9veil Musical                        <\/span>\n                      <\/p>\n                  <\/div>\n            <\/div>\n           <\/div>\n           <\/a>\n           <\/div>\n           <\/div><div class=\"col\" data-terms=\"[&quot;Le Patrimoine Culturel De La Reunion&quot;,&quot;Loisirs Cr\u00e9atifs&quot;,&quot;Num\u00e9rique&quot;]\" >\n          <div class=\"col-inner\" >\n          <a href=\"https:\/\/joiedevivre.re\/?featured_item=article-3\" class=\"plain \">\n          <div class=\"portfolio-box box has-hover box-none\">\n            <div class=\"box-image\" >\n                <div class=\"image-cover\" style=\"padding-top:100%;\">\n                <img loading=\"lazy\" decoding=\"async\" width=\"300\" height=\"200\" src=\"https:\/\/joiedevivre.re\/wp-content\/uploads\/2020\/10\/people-discussion-5069845_960_720-300x200.jpg\" class=\"attachment-medium size-medium\" alt=\"\" srcset=\"https:\/\/joiedevivre.re\/wp-content\/uploads\/2020\/10\/people-discussion-5069845_960_720-300x200.jpg 300w, https:\/\/joiedevivre.re\/wp-content\/uploads\/2020\/10\/people-discussion-5069845_960_720-768x512.jpg 768w, https:\/\/joiedevivre.re\/wp-content\/uploads\/2020\/10\/people-discussion-5069845_960_720.jpg 960w\" sizes=\"auto, (max-width: 300px) 100vw, 300px\" \/>                                                <\/div>\n            <\/div>\n            <div class=\"box-text text-center\" >\n                  <div class=\"box-text-inner\">\n                      <h6 class=\"uppercase portfolio-box-title\">Article 3<\/h6>\n                      <p class=\"uppercase portfolio-box-category is-xsmall op-6\">\n                        <span class=\"show-on-hover\">\n                         Le Patrimoine Culturel De La Reunion, Loisirs Cr\u00e9atifs, Num\u00e9rique                        <\/span>\n                      <\/p>\n                  <\/div>\n            <\/div>\n           <\/div>\n           <\/a>\n           <\/div>\n           <\/div><div class=\"col\" data-terms=\"[&quot;Arts Plastiques&quot;,&quot;Connaissance De Soi, Vivre-ensemble, Citoyennet\u00e9&quot;,&quot;\u00c9veil Aux Langues Etrang\u00e8res&quot;,&quot;Sciences&quot;]\" >\n          <div class=\"col-inner\" >\n          <a href=\"https:\/\/joiedevivre.re\/?featured_item=article-4\" class=\"plain \">\n          <div class=\"portfolio-box box has-hover box-none\">\n            <div class=\"box-image\" >\n                <div class=\"image-cover\" style=\"padding-top:100%;\">\n                <img loading=\"lazy\" decoding=\"async\" width=\"300\" height=\"169\" src=\"https:\/\/joiedevivre.re\/wp-content\/uploads\/2020\/10\/pencil-1486278_960_720-300x169.jpg\" class=\"attachment-medium size-medium\" alt=\"\" srcset=\"https:\/\/joiedevivre.re\/wp-content\/uploads\/2020\/10\/pencil-1486278_960_720-300x169.jpg 300w, https:\/\/joiedevivre.re\/wp-content\/uploads\/2020\/10\/pencil-1486278_960_720-768x432.jpg 768w, https:\/\/joiedevivre.re\/wp-content\/uploads\/2020\/10\/pencil-1486278_960_720.jpg 960w\" sizes=\"auto, (max-width: 300px) 100vw, 300px\" \/>                                                <\/div>\n            <\/div>\n            <div class=\"box-text text-center\" >\n                  <div class=\"box-text-inner\">\n                      <h6 class=\"uppercase portfolio-box-title\">Article 4<\/h6>\n                      <p class=\"uppercase portfolio-box-category is-xsmall op-6\">\n                        <span class=\"show-on-hover\">\n                         Arts Plastiques, Connaissance De Soi, Vivre-ensemble, Citoyennet\u00e9, \u00c9veil Aux Langues Etrang\u00e8res, Sciences                        <\/span>\n                      <\/p>\n                  <\/div>\n            <\/div>\n           <\/div>\n           <\/a>\n           <\/div>\n           <\/div><div class=\"col\" data-terms=\"[&quot;Art Du Spectacle&quot;,&quot;Arts Plastiques&quot;]\" >\n          <div class=\"col-inner\" >\n          <a href=\"https:\/\/joiedevivre.re\/?featured_item=article-5\" class=\"plain \">\n          <div class=\"portfolio-box box has-hover box-none\">\n            <div class=\"box-image\" >\n                <div class=\"image-cover\" style=\"padding-top:100%;\">\n                <img loading=\"lazy\" decoding=\"async\" width=\"300\" height=\"200\" src=\"https:\/\/joiedevivre.re\/wp-content\/uploads\/2020\/10\/kaz-joie-de-vivre-tiers-lieu-pedagogique-culturel-banner-03-1-300x200.jpg\" class=\"attachment-medium size-medium\" alt=\"\" srcset=\"https:\/\/joiedevivre.re\/wp-content\/uploads\/2020\/10\/kaz-joie-de-vivre-tiers-lieu-pedagogique-culturel-banner-03-1-300x200.jpg 300w, https:\/\/joiedevivre.re\/wp-content\/uploads\/2020\/10\/kaz-joie-de-vivre-tiers-lieu-pedagogique-culturel-banner-03-1-768x512.jpg 768w, https:\/\/joiedevivre.re\/wp-content\/uploads\/2020\/10\/kaz-joie-de-vivre-tiers-lieu-pedagogique-culturel-banner-03-1.jpg 1024w\" sizes=\"auto, (max-width: 300px) 100vw, 300px\" \/>                                                <\/div>\n            <\/div>\n            <div class=\"box-text text-center\" >\n                  <div class=\"box-text-inner\">\n                      <h6 class=\"uppercase portfolio-box-title\">Article 5<\/h6>\n                      <p class=\"uppercase portfolio-box-category is-xsmall op-6\">\n                        <span class=\"show-on-hover\">\n                         Art Du Spectacle, Arts Plastiques                        <\/span>\n                      <\/p>\n                  <\/div>\n            <\/div>\n           <\/div>\n           <\/a>\n           <\/div>\n           <\/div><\/div><\/div>\n\n\n\t\t<\/div>\n\t\t\t\t\t<\/div>\n\n\t\n\n<\/div>\n\n","protected":false},"excerpt":{"rendered":"","protected":false},"author":1,"featured_media":0,"parent":0,"menu_order":0,"comment_status":"closed","ping_status":"closed","template":"","meta":{"inline_featured_image":false,"footnotes":""},"class_list":["post-1361","page","type-page","status-publish","hentry"],"_links":{"self":[{"href":"https:\/\/joiedevivre.re\/index.php?rest_route=\/wp\/v2\/pages\/1361","targetHints":{"allow":["GET"]}}],"collection":[{"href":"https:\/\/joiedevivre.re\/index.php?rest_route=\/wp\/v2\/pages"}],"about":[{"href":"https:\/\/joiedevivre.re\/index.php?rest_route=\/wp\/v2\/types\/page"}],"author":[{"embeddable":true,"href":"https:\/\/joiedevivre.re\/index.php?rest_route=\/wp\/v2\/users\/1"}],"replies":[{"embeddable":true,"href":"https:\/\/joiedevivre.re\/index.php?rest_route=%2Fwp%2Fv2%2Fcomments&post=1361"}],"version-history":[{"count":64,"href":"https:\/\/joiedevivre.re\/index.php?rest_route=\/wp\/v2\/pages\/1361\/revisions"}],"predecessor-version":[{"id":3375,"href":"https:\/\/joiedevivre.re\/index.php?rest_route=\/wp\/v2\/pages\/1361\/revisions\/3375"}],"wp:attachment":[{"href":"https:\/\/joiedevivre.re\/index.php?rest_route=%2Fwp%2Fv2%2Fmedia&parent=1361"}],"curies":[{"name":"wp","href":"https:\/\/api.w.org\/{rel}","templated":true}]}}