{"id":960,"date":"2022-10-11T20:37:35","date_gmt":"2022-10-11T18:37:35","guid":{"rendered":"https:\/\/joiedevivre.re\/?page_id=960"},"modified":"2023-01-20T07:04:34","modified_gmt":"2023-01-20T06:04:34","slug":"ief","status":"publish","type":"page","link":"https:\/\/joiedevivre.re\/?page_id=960","title":{"rendered":"IEF"},"content":{"rendered":"\n\t<div id=\"text-1001286436\" class=\"text\">\n\t\t\n\n<p style=\"text-align: center;\"><span style=\"font-size: 150%;\"><span style=\"font-size: 200%;\">Pourquoi<\/span> proposons-nous des ateliers pour les enfants pendant les heures d&rsquo;\u00e9cole<\/span><br \/><span style=\"font-size: 150%;\">&#8230; et qu&rsquo;est-ce que l&rsquo;<span style=\"font-size: 200%;\">IEF<\/span> au fait ?<\/span><\/p>\n\t\t\n<style>\n#text-1001286436 {\n  font-size: 0.85rem;\n  line-height: 1.25;\n}\n<\/style>\n\t<\/div>\n\t\n\t<div id=\"gap-1226759663\" class=\"gap-element clearfix\" style=\"display:block; height:auto;\">\n\t\t\n<style>\n#gap-1226759663 {\n  padding-top: 60px;\n}\n<\/style>\n\t<\/div>\n\t\n\n  <div id=\"page-header-1328753474\" class=\"page-header-wrapper\">\n  <div class=\"page-title dark featured-title\">\n\n    \n    <div class=\"page-title-inner container align-center text-center flex-row-col medium-flex-wrap\" >\n              <div class=\"title-wrapper flex-col\">\n          <h1 class=\"entry-title mb-0\">\n            La r\u00e9ponse : Instruction En Famille.          <\/h1>\n        <\/div>\n                    <div class=\"title-content flex-col\">\n        <div class=\"title-breadcrumbs pb-half pt-half\"><\/div>      <\/div>\n    <\/div>\n\n       <\/div>\n    <\/div>\n  \n\n\t<div id=\"gap-1694550501\" class=\"gap-element clearfix\" style=\"display:block; height:auto;\">\n\t\t\n<style>\n#gap-1694550501 {\n  padding-top: 60px;\n}\n<\/style>\n\t<\/div>\n\t\n\n<div data-pm-slice=\"1 3 []\" data-en-clipboard=\"true\"><span style=\"font-size: 120%;\">Plus de 700 familles r\u00e9unionnaises ont d\u00e9cid\u00e9 de prendre en main l&rsquo;\u00e9ducation de leurs enfants \u00e0 la maison. Cela est possible car\u00a0: en France, l&rsquo;instruction est obligatoire d\u00e8s l&rsquo;\u00e2ge de trois ans, il peut se d\u00e9rouler \u00e0 l&rsquo;\u00e9cole, MAIS aussi en famille.<\/span><\/div>\n<div>\u00a0<\/div>\n<div><span style=\"font-size: 120%;\">Cela signifie que l&rsquo;instruction au domicile est 100% l\u00e9gale si le cadre l\u00e9gal est respect\u00e9. Vous pouvez trouver plus d&rsquo;informations sur le lien : <a href=\"https:\/\/www.service-public.fr\/particuliers\/vosdroits\/F23429\" rev=\"en_rl_none\"><u>https:\/\/www.service-public.fr\/particuliers\/vosdroits\/F23429<\/u><\/a><\/span><\/div>\n<div>\u00a0<\/div>\n<div><span style=\"font-size: 120%;\">Pour donner aux enfants qui apprennent \u00e0 la maison de nombreuses occasions de d\u00e9couvrir des nouvelles activit\u00e9s et d&rsquo;interagir avec leurs pairs, il existe de nombreuses possibilit\u00e9s \u00e0 La R\u00e9union, dont nos ateliers du matin.<\/span><\/div>\n<div>\u00a0<\/div>\n<div><span style=\"font-size: 120%;\">Si vous souhaitez plus d&rsquo;informations \u00e0 ce sujet, nous avons h\u00e2te de vous retrouver un mardi \u00e0 La Kaz Joie de Vivre pour \u00e9changer. De plus, l&rsquo;association API974 (Association de Parents Instructeurs 974) offre une permanence dans notre local une fois par mois, pour discuter tous les aspects autour de l\u2019IEF (voir programmation en cours).<\/span><\/div>\n<div>\u00a0<\/div>\n<div><span style=\"font-size: 120%;\">En France, il existe \u00e9galement des associations nationales tr\u00e8s engag\u00e9es dans la promotion de la libert\u00e9<\/span><\/div>\n<div><span style=\"font-size: 120%;\"> de choix d\u2019\u00e9ducation (actuellement fortement menac\u00e9e)\u00a0:<\/span><\/div>\n<p>\u00a0<\/p>\n<ul>\n<li><a href=\"http:\/\/federation-felicia.org\">FELICIA (F\u00e9d\u00e9ration pour la Libert\u00e9 du Choix de l\u2019Instruction et des Apprentissages)<\/a><\/li>\n<li><a href=\"http:\/\/lecoleestlamaison.blogspot.com\">Ecole est la Maison (EELM)<\/a><\/li>\n<li><a href=\"http:\/\/laia-asso.fr\">LAIA (Libres d\u2019Apprendre et d\u2019Instruire Autrement)<\/a><\/li>\n<li>\u00a0<a href=\"http:\/\/www.lesenfantsdabord.org\">LED\u2019A (Les enfants d\u2019abord) <\/a><\/li>\n<li><a href=\"http:\/\/association-unie.fr\">UNIE (Union Nationale pour l\u2019Instruction et l\u2019Epanouissement)<\/a><\/li>\n<li><a href=\"https:\/\/www.liberteeducation.com\/\">Liberte Education<\/a><\/li>\n<\/ul>\n\n","protected":false},"excerpt":{"rendered":"","protected":false},"author":2,"featured_media":0,"parent":0,"menu_order":0,"comment_status":"closed","ping_status":"closed","template":"","meta":{"inline_featured_image":false,"footnotes":""},"class_list":["post-960","page","type-page","status-publish","hentry"],"_links":{"self":[{"href":"https:\/\/joiedevivre.re\/index.php?rest_route=\/wp\/v2\/pages\/960","targetHints":{"allow":["GET"]}}],"collection":[{"href":"https:\/\/joiedevivre.re\/index.php?rest_route=\/wp\/v2\/pages"}],"about":[{"href":"https:\/\/joiedevivre.re\/index.php?rest_route=\/wp\/v2\/types\/page"}],"author":[{"embeddable":true,"href":"https:\/\/joiedevivre.re\/index.php?rest_route=\/wp\/v2\/users\/2"}],"replies":[{"embeddable":true,"href":"https:\/\/joiedevivre.re\/index.php?rest_route=%2Fwp%2Fv2%2Fcomments&post=960"}],"version-history":[{"count":2,"href":"https:\/\/joiedevivre.re\/index.php?rest_route=\/wp\/v2\/pages\/960\/revisions"}],"predecessor-version":[{"id":1054,"href":"https:\/\/joiedevivre.re\/index.php?rest_route=\/wp\/v2\/pages\/960\/revisions\/1054"}],"wp:attachment":[{"href":"https:\/\/joiedevivre.re\/index.php?rest_route=%2Fwp%2Fv2%2Fmedia&parent=960"}],"curies":[{"name":"wp","href":"https:\/\/api.w.org\/{rel}","templated":true}]}}